se 10, what is -4 + -1?
-5
In base 14, what is -1c - 0?
-1c
In base 15, what is -3cc + 3?
-3c9
In base 15, what is 0 - -6b?
6b
In base 10, what is 34038 - -4?
34042
In base 4, what is 1 - -320?
321
In base 12, what is -37 - 3?
-3a
In base 12, what is -3 - -536?
533
In base 16, what is -ca - 0?
-ca
In base 3, what is 12 - -1002?
1021
In base 4, what is 13230 - 10?
13220
In base 8, what is 227 + -35?
172
In base 3, what is -1100 + 21?
-1002
In base 12, what is 38 + -2?
36
In base 9, what is -1 + -6846?
-6847
In base 7, what is 10 - 64?
-54
In base 15, what is -653e + -4?
-6543
In base 5, what is -1033 + -10?
-1043
In base 16, what is ff + -5?
fa
In base 3, what is 1022 + 2?
1101
In base 12, what is 198 + 9?
1a5
In base 7, what is 1 - -14600?
14601
In base 2, what is -1 - 10000000?
-10000001
In base 2, what is 11111011 - -101?
100000000
In base 4, what is -223 - 0?
-223
In base 6, what is -2 + 425?
423
In base 11, what is 1 + -3?
-2
In base 12, what is 10 + 12?
22
In base 8, what is 1 - -241?
242
In base 7, what is 30 + 1064?
1124
In base 11, what is 10 - 28?
-18
In base 13, what is 44 - 3?
41
In base 6, what is 5 + -253?
-244
In base 10, what is -253 - -2?
-251
In base 11, what is -2 - -518?
516
In base 7, what is -3 - -5365?
5362
In base 12, what is 105 - 2?
103
In base 11, what is -8 + -240?
-248
In base 12, what is -37 + 54?
19
In base 6, what is 444 - 4?
440
In base 2, what is 10 + -111001?
-110111
In base 3, what is -111 + 1001?
120
In base 15, what is -2 + -3e?
-41
In base 16, what is -3b7 - -3?
-3b4
In base 16, what is 12b6 + 3?
12b9
In base 5, what is 10104 - -1?
10110
In base 5, what is 24 + -23?
1
In base 2, what is -1 - -101000?
100111
In base 5, what is -4 - -334?
330
In base 8, what is 3 - 203?
-200
In base 7, what is -21 + 44?
23
In base 13, what is 4 + 2c4?
2c8
In base 13, what is 5 - -39?
41
In base 7, what is 6 - 34?
-25
In base 8, what is -4 - -112?
106
In base 3, what is 1111 - -10?
1121
In base 3, what is -2 - -12112212?
12112210
In base 8, what is -245 - 2?
-247
In base 2, what is 10 - 110110?
-110100
In base 4, what is -12 - -133?
121
In base 5, what is 10 - -132?
142
In base 6, what is -3 + -310?
-313
In base 15, what is -6b09 + -2?
-6b0b
In base 8, what is -1400 - 1?
-1401
In base 15, what is 2a - 21?
9
In base 4, what is 0 - 1310?
-1310
In base 12, what is 114 - -2?
116
In base 2, what is 100110 - 11111011?
-11010101
In base 11, what is -1023 - -5?
-1019
In base 6, what is -3 + -105?
-112
In base 11, what is 6 + -191?
-186
In base 8, what is 2 - -7266?
7270
In base 2, what is 100 - 1101000110101?
-1101000110001
In base 9, what is -13 + 36?
23
In base 8, what is 653 - 4?
647
In base 16, what is 6a - 15?
55
In base 11, what is 21 - -1?
22
In base 3, what is 201 - -202112?
210020
In base 14, what is -2 + 198c?
198a
In base 15, what is -9 - -78?
6e
In base 3, what is -11 + -202020?
-202101
In base 3, what is -1111 - 12?
-1200
In base 3, what is -11102120 - 12?
-11102202
In base 9, what is 0 + -101?
-101
In base 13, what is b2 - -1?
b3
In base 16, what is 1 - e5?
-e4
In base 4, what is -103 + 10?
-33
In base 7, what is -1 - -60?
56
In base 16, what is -3 - 26?
-29
In base 3, what is 2 + 102112?
102121
In base 7, what is -4 + -131?
-135
In base 7, what is -23 - 24?
-50
In base 10, what is 148 - 9?
139
In base 12, what is -64 + 11?
-53
In base 11, what is -4a + -2?
-51
In base 6, what is -15 + 122?
103
In base 6, what is -1 - 1245?
-1250
In base 13, what is -6 + -4?
-a
In base 16, what is 3 - 1?
2
In base 5, what is -2 + 4301?
4244
In base 7, what is 12 + -143?
-131
In base 15, what is 56 - -12?
68
In base 5, what is 124 - 4?
120
In base 2, what is 111001 + -101?
110100
In base 11, what is 0 + -86?
-86
In base 4, what is 10 - -1000?
1010
In base 10, what is 5 - -139?
144
In base 11, what is 3 - -3136?
3139
In base 5, what is 14 - 3?
11
In base 2, what is -10010010 - 110100?
-11000110
In base 8, what is 5 + 17?
24
In base 8, what is -23 + -13?
-36
In base 3, what is 12111120 + 2?
12111122
In base 5, what is -103 + -32?
-140
In base 13, what is 16a + 4?
171
In base 2, what is -100 + 100001?
11101
In base 3, what is 1 - 12102?
-12101
In base 6, what is -24 + -13?
-41
In base 12, what is 1 - 15?
-14
In base 5, what is 14 + -2043?
-2024
In base 12, what is 309 + -4?
305
In base 3, what is 11000002 - -2?
11000011
In base 9, what is 333 - 3?
330
In base 13, what is -64 + 4?
-60
In base 6, what is -23 - 13030?
-13053
In base 2, what is 11101 - -1000100110?
1001000011
In base 11, what is 0 - 1a?
-1a
In base 8, what is 3 - 123?
-120
In base 5, what is -1 + -34?
-40
In base 13, what is -1 - -1c4?
1c3
In base 11, what is 364 + 9?
372
In base 6, what is 4 + 145?
153
In base 9, what is 50 - -301?
351
In base 5, what is 234 - -202?
441
In base 2, what is 1000111 - -101110?
1110101
In base 15, what is 0 - e?
-e
In base 13, what is 5 + -29?
-24
In base 2, what is -10100001100101 - 100?
-10100001101001
In base 2, what is -1101011 + 11?
-1101000
In base 2, what is -101010001 - -111?
-101001010
In base 15, what is b1c + 2?
b1e
In base 13, what is 3 - 1b5?
-1b2
In base 3, what is 1101 - 11201?
-10100
In base 12, what is 2 - -bb?
101
In base 15, what is -29 - 21?
-4a
In base 5, what is -3 - 221111?
-221114
In base 5, what is 2 + 42134?
42141
In base 12, what is -4 - 68?
-70
In base 12, what is 2 + -164?
-162
In base 13, what is 54 - 9c?
-48
In base 13, what is -b - 25?
-33
In base 10, what is -41 - -23?
-18
In base 7, what is -2236 - 2?
-2241
In base 15, what is -25 + 5?
-20
In base 4, what is -1 - 3112?
-3113
In base 14, what is -18d6 + -4?
-18da
In base 2, what is -11110 - 11111?
-111101
In base 8, what is 17 + -1?
16
In base 16, what is -3 + -d7?
-da
In base 8, what is 75 - -32?
127
In base 5, what is -21 - -24?
3
In base 10, what is -5621 - -4?
-5617
In base 8, what is 27234 - -2?
27236
In base 2, what is -10001100100011 - 11?
-10001100100110
In base 2, what is 11 + 1100001010?
1100001101
In base 3, what is 110 + -22?
11
In base 6, what is 3 + 224?
231
In base 14, what is -c - -1?
-b
In base 9, what is -520 - -40?
-470
In base 8, what is 5 + -31?
-24
In base 11, what is -508 - -1?
-507
In base 12, what is -350 + 0?
-350
In base 7, what is -135 + 30?
-105
In base 3, what is 10201 + 21202?
102110
In base 6, what is 124 + -1?
123
In base 15, what is 2b2 + -4?
2ad
In base 13, what is 24 + -2?
22
In base 13, what is 5 - 68?
-63
In base 6, what is 1214 + -22?
1152
In base 15, what is 4a + -1b?
2e
In base 15, what is 2 - -5?
7
In base 8, what is -704 - -5?
-677
In base 10, what is 29 - 118?
-89
In base 7, what is 1464 - -2?
1466
In base 8, what is -4 - -21?
15
In base 8, what is -221 + 2?
-217
In base 13, what is -32 - 5?
-37
In base 12, what is -12 + 6?
-8
In base 5, what is 330 - -4?
334
In base 16, what is -2 - 1eb?
-1ed
In base 10, what is 59 + 3?
62
In base 11, what is 3 + -42?
-3a
In base 6, what is 3 - 1054?
-1051
In base 16, what is -30a - 0?
-30a
In base 6, what is -123 - 11?
-134
In base 4, what is -30332 + -131?
-31123
In base 10, what is -74 - -107?
33
In base 5, what is 20 - -24?
44
In base 5, what is -2 - -204?
202
In base 12, what is -15a2 - 4?
-15a6
In base 16, what is e - 2f?
-21
In base 6, what is 24 - 0?
24
In base 16, what is -4a3 + 2?
-4a1
In base 7, what is 12404 - 4?
12400
In base 6, what is 0 - -53?
53
In base 3, what is -10222 + 10?
-10212
In base 2, what is 1001110111101 + 0?
1001110111101
In base 3, what is -20010 + -20?
-20100
In base 10, what is -5 + 143?
138
In base 13, what is 4 - -60?
64
In base 14, what is 3 - -129?
12c
In base 7, what is -351 - -4?
-344
In base 8, what is 1 - -20?
21
In base 16, what is 263 - -3?
266
In base 16, what is 0 - 738?
-738
In base 5, what is -22203 + 10?
-22143
In base 5, what is 4141 + 10?
4201
In base 2, what is -100010000100 + -111?
-100010001011
In base 4, what is -2132 + 10?
-2122
In base 9, what is 83 + 1?
84
In base 15, what is a7 + 49?
101
In base 3, what is -111000 - -12?
-110211
In base 16, what is 10 - e?
2
In base 11, what is -283 + 5?
-279
In base 15, what is 1d4 + b?
1e0
In base 7, what is 21 + 112?
133
In base 12, what is -4 + 1814?
1810
In base 16, what is 4 + ce?
d2
In base 4, what is 3 + -21103?
-21100
In base 13, what is 2 + -2887?
-2885
In base 4, what is -3233 - -13